{"id":2,"date":"2013-01-26T17:16:53","date_gmt":"2013-01-26T17:16:53","guid":{"rendered":"http:\/\/kuadrat.wegi.net\/?page_id=2"},"modified":"2020-07-11T15:53:09","modified_gmt":"2020-07-11T14:53:09","slug":"beispiel-seite","status":"publish","type":"page","link":"https:\/\/kuadrat.at\/?page_id=2","title":{"rendered":"KUADRAT"},"content":{"rendered":"<p>Werbefotos, Imagekampagnen, Produktfotos f\u00fcr Kataloge, Web-Auftritt und mediale Zwecke.<\/p>\n<p>Architekturfotografie, Business-Portr\u00e4t, Fotoreportagen und Kunstreproduktionen.<\/p>\n<p>\u00dcberall dort, wo Kunden einen kommunikativen Mehrwert und visuelle L\u00f6sungen suchen, ist KUADRAT ihr erster Ansprechpartner.<\/p>\n<p>Gute Fotos beginnen beim Kundengespr\u00e4ch, der Planung, Konzeption, Organisation, guten Zusammenarbeit mit professionellen Dienstleistern<\/p>\n<p>und enden bei zufriedenen Kunden, die zu Stammkunden werden.<\/p>\n<p>Ich freue mich \u00fcber Ihre Kontaktaufnahme<\/p>\n<p>Mst. Harald Kienzl<\/p>\n<p>Fotografenmeister \/ Kameramann \/ Fachreferent<\/p>\n<p>https:\/\/www.facebook.com\/www.kuadrat.eu\/<\/p>\n","protected":false},"excerpt":{"rendered":"<p>Werbefotos, Imagekampagnen, Produktfotos f\u00fcr Kataloge, Web-Auftritt und mediale Zwecke. Architekturfotografie, Business-Portr\u00e4t, Fotoreportagen und Kunstreproduktionen. \u00dcberall dort, wo Kunden einen kommunikativen Mehrwert und visuelle L\u00f6sungen suchen, ist KUADRAT ihr erster Ansprechpartner. Gute Fotos beginnen beim Kundengespr\u00e4ch, der Planung, Konzeption, Organisation, guten Zusammenarbeit mit professionellen Dienstleistern und enden bei zufriedenen Kunden, die zu Stammkunden werden. Ich freue [&hellip;]<\/p>\n","protected":false},"author":1,"featured_media":0,"parent":0,"menu_order":1,"comment_status":"open","ping_status":"open","template":"page-full_width.php","meta":[],"_links":{"self":[{"href":"https:\/\/kuadrat.at\/index.php?rest_route=\/wp\/v2\/pages\/2"}],"collection":[{"href":"https:\/\/kuadrat.at\/index.php?rest_route=\/wp\/v2\/pages"}],"about":[{"href":"https:\/\/kuadrat.at\/index.php?rest_route=\/wp\/v2\/types\/page"}],"author":[{"embeddable":true,"href":"https:\/\/kuadrat.at\/index.php?rest_route=\/wp\/v2\/users\/1"}],"replies":[{"embeddable":true,"href":"https:\/\/kuadrat.at\/index.php?rest_route=%2Fwp%2Fv2%2Fcomments&post=2"}],"version-history":[{"count":39,"href":"https:\/\/kuadrat.at\/index.php?rest_route=\/wp\/v2\/pages\/2\/revisions"}],"predecessor-version":[{"id":513,"href":"https:\/\/kuadrat.at\/index.php?rest_route=\/wp\/v2\/pages\/2\/revisions\/513"}],"wp:attachment":[{"href":"https:\/\/kuadrat.at\/index.php?rest_route=%2Fwp%2Fv2%2Fmedia&parent=2"}],"curies":[{"name":"wp","href":"https:\/\/api.w.org\/{rel}","templated":true}]}}